se -2008 = g*j - 7552. What are the prime factors of j?
3, 7, 11
Let f = -13845 + 21217. List the prime factors of f.
2, 19, 97
Let n(g) = -g**3 - 28*g**2 - 104*g - 640. List the prime factors of n(-43).
31567
Let o = -125 + 38. Let d = 148 + o. What are the prime factors of d?
61
What are the prime factors of -2 - (-125458)/8 - 729/(-972)?
3, 5227
Let z = -60 + 58. Let a(d) = 30*d**2 - 8*d - 7. What are the prime factors of a(z)?
3, 43
Let v = -83 - -86. Suppose -4*d + 55 = -v*g, -3*d - g + 23 = -28. Let j = -5 + d. List the prime factors of j.
11
Let w = 3138 - 3201. Let u(m) = 7*m**2 - m + 3. Let c be u(-4). Let v = c + w. What are the prime factors of v?
2, 7
Suppose -4*s = 2*z - 40, 2*z - 5*s - 20 - 56 = 0. Suppose 3*o + z - 139 = 0. Suppose -84 - o = -2*g + 3*y, 0 = -2*g + 5*y + 111. List the prime factors of g.
2, 17
Let l(s) = -30 - 181 + 19*s + 4*s + 108. List the prime factors of l(7).
2, 29
Suppose 0 = 24*q - 99149 + 13812 - 84703. What are the prime factors of q?
5, 13, 109
Suppose 0 = -6*q - 28 + 82. Let y = q - 15. What are the prime factors of 101 + (-3)/(y/(-4))?
3, 11
Let b = 488 - 428. Suppose -2*t + b = 5*z - 4*z, -2*z - t + 120 = 0. List the prime factors of z.
2, 3, 5
Suppose -1144*j + 69245 + 49415 = -1134*j. List the prime factors of j.
2, 17, 349
Suppose -8*b + 45 - 5 = 0. Suppose 2*g = -q + 151, 6*g - 773 = -b*q + 5*g. Suppose -q = -d - 153. List the prime factors of d.
2
Let u = -26965 + 48323. What are the prime factors of u?
2, 59, 181
Suppose 97*a - 94*a + 1233 = 0. List the prime factors of 12/(-18)*a + -2.
2, 17
Suppose -3*v = -3, 2*v + 51808 + 1838 = 4*f. List the prime factors of f.
2, 7, 479
Let l(i) = -i**2 - 13*i + 34. Let j be l(5). Let b = j + 52. Let r(g) = 9*g**2 + g + 11. List the prime factors of r(b).
151
List the prime factors of (-4491 - -1)*(-3800)/1000.
2, 19, 449
Let y(g) = 124*g**2 + 66*g - 397. List the prime factors of y(-23).
3, 21227
Suppose -62*m + 65*m = 0. List the prime factors of 480 + m - 5/(-3)*-3.
5, 19
Let m(d) = 37*d**2 + 15*d + 33. List the prime factors of m(-9).
3, 5, 193
Let v = -17387 - -32323. What are the prime factors of v?
2, 1867
Suppose -3*x - 4 = x + 4*f, 0 = 2*x + f + 5. Let n be (14/x)/((-1)/(-2)). What are the prime factors of (2 - -22)*(-2)/28*n?
2, 3
Let y = 16336 + -3228. List the prime factors of y.
2, 29, 113
Suppose 3*i - 237118 + 65461 = 0. List the prime factors of i.
3, 19073
Let a(d) = -160*d + 48. Let c(m) = m + 1. Let l(u) = a(u) - 5*c(u). List the prime factors of l(-9).
2, 191
Suppose -3*m + 336173 = r + 4*r, -5*m - 336125 = -5*r. What are the prime factors of r?
67231
List the prime factors of (-39649)/((3/2)/(217/(-14) + 14)).
31, 1279
Let z be -297*4/(-30)*10/4. Suppose j + 2*j - p = 327, -3*p = j - z. List the prime factors of j.
2, 3
Suppose -5*q + 18085 = 5*t, 3*t + 7214 = -92*q + 94*q. What are the prime factors of q?
3613
Let j = 411 - 414. What are the prime factors of (1 + 10053/(-27))*j?
2, 557
Suppose 0 = 3*z + 13 + 2. Let v be 5/(z/3) + 10*1. Suppose -36 - v = -d. List the prime factors of d.
43
What are the prime factors of (-194)/4*-1130 + -3 + 6 + -1?
3, 18269
Suppose 0 = -4*n - 3*p + 123, n = p + 4*p + 48. Let d = 151 - n. List the prime factors of d.
2, 59
Let y(j) be the first derivative of j**4/2 + 3*j**2/2 - 6*j - 1. Let r be (-15 + (-697)/(-51))/(4/(-9)). List the prime factors of y(r).
3, 19
Let k = -766 + 768. Suppose -2210 = -2*j - 2*t, 5532 = 5*j - 0*j - k*t. List the prime factors of j.
2, 7, 79
Let d be 1 + 120/28 + 2/(-7). Let g(r) = -4*r + 2*r + r**2 + 0*r + 6 + 2. What are the prime factors of g(d)?
23
Let i be (2/3)/(7/(-378)*-9). What are the prime factors of i/18 + ((-1418)/(-18) - 3)?
2, 19
Let a = 9948 + -3450. List the prime factors of a.
2, 3, 19
Suppose -4*f = -3*k - 382, -k - k + f - 263 = 0. Let y = -382 + k. What are the prime factors of (-12)/30 + y/(-15)?
2, 17
Let g be (6 - (-2 - 1)) + -9. Suppose 0 = -4*t + 10 + 2, -4*x + 134 = 2*t. Suppose g = -4*c + x + 16. What are the prime factors of c?
2, 3
Let q = 26 + 32. Let b be (-7)/(693/(-4077)) + 2/(-11). Let z = q - b. What are the prime factors of z?
17
Suppose 3*g = -5*f - 3, -g - 3*f - 1 = 4. Suppose i - 24 = g*i. What are the prime factors of (-10 - i)*4/2*-17?
2, 17
Suppose 0*p - 9*p + 95706 = -102411. List the prime factors of p.
22013
Suppose -5*i + 186528 = -3*b, 36*i - 37320 = 35*i - b. What are the prime factors of i?
3, 12437
What are the prime factors of (654888/(-390))/(2/(-5))?
2, 2099
Suppose -34*j + 31*j + 91 = b, 2*b + j = 202. What are the prime factors of b?
103
Suppose -4544*v + 4543*v - 4 = 0, -16828 = -d - 3*v. List the prime factors of d.
2, 5, 421
Let k = -6248 - -10399. List the prime factors of k.
7, 593
Let k(g) = 1462*g + 422. List the prime factors of k(7).
2, 3, 37
Let z(i) = 17*i**2 + 76*i + 791. What are the prime factors of z(-11)?
2, 503
Suppose -36*u + 540090 = 49*u. List the prime factors of u.
2, 3, 353
Suppose -8520 = 18*t - 67830. Suppose -3*z = -p - 5*z + 666, 5*p - t = -3*z. List the prime factors of p.
2, 41
Suppose -13*p + 17*p = 4. Let o be (-3 + p)*(50/(-4))/(-5). Let y = 109 + o. List the prime factors of y.
2, 13
Suppose -s = 4*u - 12826, -s + 12828 = -348*u + 353*u. What are the prime factors of s?
2, 13, 17, 29
Let h(t) = -68*t - 6. Let o be h(-2). Suppose 0 = o*r - 127*r - 54. Suppose 2*m + 4*n - 216 = 0, 4*m + 2*n = -r + 450. What are the prime factors of m?
2, 3
Suppose 2*g + 76 = 38. What are the prime factors of (-220)/((9 + g)/90)?
2, 3, 5, 11
Suppose 1233*b - 1226*b = 32298. Let d = b + -3230. What are the prime factors of d?
2, 173
Suppose -4*r = 5*s - 38252, 3*s - 2*r = 11411 + 11549. List the prime factors of s.
2, 1913
Let c(o) = 1228*o**3 - 5*o**2 + 2*o + 3. Let x be c(1). Suppose -x = -0*b - 2*b. What are the prime factors of b?
2, 307
Suppose 2*b - 69 = -3*x, 22 = 2*x + 4*b - 16. Suppose 236 = k - y, -10*y + x = -5*y. List the prime factors of k.
241
Let v = -620 + 608. What are the prime factors of v/(-2)*(-26780)/(-390)?
2, 103
Let i be 2/(-5) + ((-1520)/25)/(-2). Suppose 1172 = -26*l + i*l. List the prime factors of l.
293
Let u(n) = -2*n**3 + 12*n**2 + 6*n - 28. Let t(o) = -6*o**2 - 3*o + 14. Let p(v) = 5*t(v) + 2*u(v). List the prime factors of p(-6).
2, 5, 17
Suppose 0 = -5*z + 25 - 20. Let t be (-9)/(((1 - -2) + -4)*z). Suppose 99 = -t*q + 12*q. What are the prime factors of q?
3, 11
Let v(p) = -8*p + 3. Let n(m) = 43*m + 28. Let d(g) = -n(g) - 6*v(g). Suppose -35 = -2*o + u, 30 = 2*o + 2*u - 14. What are the prime factors of d(o)?
7
Let y be (-4*77)/(3 + -1). Let n(v) = 46*v + 1. Let w be n(6). Let d = y + w. What are the prime factors of d?
3, 41
Suppose -36338 = 155*m - 456543. List the prime factors of m.
2711
Let i be (-4)/18 - (-34)/(-9). Let g be 2/8 + (-19)/i. Suppose -4*j = -v + 145, -g = -3*j - 2*j. List the prime factors of v.
149
Let t = 52601 - 31093. List the prime factors of t.
2, 19, 283
Suppose -428 = 2*g + 10. List the prime factors of (-1 + g/(-15))/((-32)/(-240)).
2, 3, 17
Let g be (1906/6)/1*(-3 + 15). List the prime factors of 2/(-7) + 3*g/42.
2, 17
Suppose 2*b + 14 = 5*d, -8*b = -3*d - 5*b + 3. Suppose d*p - 16*l + 12*l - 1216 = 0, l - 1206 = -4*p. List the prime factors of p.
2, 151
Suppose -3*m + 10*m - 84 = 0. What are the prime factors of 36/27*4419/m?
491
Let n(w) = w**3 + 18*w**2 - 17*w + 40. Let t be n(-19). Suppose -710 = -t*o - 52. Suppose -l + 5*y = -0*l - 119, -3*l + o = -y. What are the prime factors of l?
109
What are the prime factors of (-8)/(-132) + 29885214/1881?
2, 3, 331
Let y(j) = 4*j**2 + 9*j - 6. Let c be y(-6). Let s = -80 + c. Suppose 316 = -2*w + s*w. What are the prime factors of w?
2, 79
List the prime factors of (-67630995)/837*3/(-5).
48481
Suppose 120 = 3*p + 3*c, -11 = 4*c + 9. Let a = p - 53. List the prime factors of 10/a + (-654)/(-24).
2, 13
Suppose -12350 = -8*r - 17*r. Let h = 1002 - r. What are the prime factors of h?
2, 127
Suppose 0 = 3*q + 4*d - 89492, 5*q + 22*d - 149126 = 29*d. What are the prime factors of q?
2, 7457
Let b be 46 - (1 + 3 + -7 + 1). Suppose 2*h = -4*i - b, h - 5*i + 24 = -3*i. Let d = 161 + h. List the prime factors of d.
137
Suppose z - 3*u - 4934 = 0, 48*z - 5*u = 46*z + 9868. What are the prime factors 